s (-5 - 2) + 0 + (7 - -24)?
24
What is (0 - 5) + (22 - 15) + (7 - -2)?
11
-6 - (-14 - -7 - 10)
11
What is the value of -86 - -82 - (-1 + -14)?
11
Evaluate 10 - ((-1 - -2 - -5) + 16 + -2).
-10
What is (3 - (10 - 7 - -8)) + -11?
-19
-15 - (-7 - (7 - 7))
-8
(-18 - (-8 - (-8 + -2))) + -5 - -6
-19
-1 + (3 - -8 - -10)
20
(4 - (9 + -5 + 6)) + (13 - 0)
7
What is the value of 13 - (9 - (-11 + -9 + 52))?
36
What is 23 + -11 - (-18 - -32)?
-2
What is the value of -8 - (-4 - (-10 - -27))?
13
What is 7 + -36 + (7 - (-8 - -9)) - -8?
-15
Evaluate 2 - 4 - -13 - (-43 - (-64 + 32)).
22
What is -6 + 0 - (-18 + (2 - -15) - -7)?
-12
(5 - 2) + 6 + 6 + -11 - 7
-3
What is the value of -3 + (33 - (24 + -4))?
10
Evaluate 2 - (-8 + 24 - 5) - 2.
-11
Evaluate 5 + 0 + (-7 + 10 - 3).
5
What is the value of -13 + 18 + -1 + -16?
-12
What is -7 - (-4 + -5 + 3 + 1 - 6)?
4
Evaluate 1 + (2 + 0 - (-31 - (5 + -70))).
-31
(-168 - -176) + -26 + 0
-18
What is the value of -7 - (2 + -12 - (-8 - -13))?
8
Calculate -2 - -11 - (9 - (7 + (9 - 4))).
12
(-202 - -206) + 5 + -2
7
Evaluate -52 + 33 + 11 + -1 + -8.
-17
Evaluate -10 - -4 - (-2 - -2).
-6
Evaluate 5 - (10 + (14 - 13)).
-6
Evaluate (0 - (-3 - -11)) + 10.
2
What is the value of 4 + (-44 - -50) - (0 - -11)?
-1
What is 7 + (-14 + (37 - 14) - 43)?
-27
Evaluate (-3 - (-10 + -6 + 9)) + -3.
1
0 - 4 - (46 + -45)
-5
Calculate (-5 - -1) + -21 + (-10 - (-21 - -4)).
-18
Calculate -2 + -3 + 0 - (-1 - 11 - -9).
-2
Evaluate -8 + 20 + -9 - 12 - (-4 + 2).
-7
What is the value of 3 + -1 + -13 + 6 + -3 + 23?
15
Evaluate 9 - ((8 - 5) + -8).
14
Evaluate 11 + -12 + 0 - (5 + -4 - 2).
0
Calculate -13 + 39 - -30 - 34.
22
Evaluate (-5 - 8) + 0 + -10.
-23
Calculate 84 - 26 - 34 - 38.
-14
Calculate 7 + (9 - (4 + 3)) + 0 + -9.
0
What is (14 - (6 + -3 + -1)) + -16 + 7?
3
0 - 16 - (242 + -254) - (-1 + -10)
7
-1 + 1 - (-5 - (-15 + 7)) - -14
11
Evaluate -21 + (-10 + 6 - -12 - 0).
-13
(-21 - 1 - -6) + 9 - -19
12
-4 + -3 + 10 + (-8 - (22 + -12))
-15
What is the value of -2 - (24 - 15) - 2?
-13
What is 9 - (8 - 15 - (-32 + 8))?
-8
What is the value of (-3 + 5 - -3) + 9 + -16 + 10?
8
Evaluate (-7 + (0 - -7) - 13) + -2 + 0.
-15
Evaluate -3 + -25 - (-101 + 78).
-5
(1 - -7) + -4 + -4 + 8 + 2
10
Evaluate (13 - (-1 + 9 + -3)) + -2.
6
What is the value of -15 + 35 + -13 + -8?
-1
What is -20 + 9 + -2 - -23?
10
What is the value of (-5 - -7) + 0 - ((5 - 14) + 3)?
8
Evaluate -11 - -3 - (5 - (5 + -1) - 13).
4
(2 - -1) + (17 - 32) + 1 + 8
-3
What is -14 + 17 + (-10 - (6 + (6 - 17)))?
-2
Evaluate (459 - 430 - (-1 - -32)) + (-2 - 0).
-4
What is 6 + 0 - (-1 + 7 + (-5 - 2))?
7
What is -20 + (19 - 11) - -16?
4
What is -1 + (-2 - -10) + 3 + -14?
-4
Evaluate 0 + 12 + -10 - (0 - (1 - 1)).
2
Calculate 15 - (-8 + 20 - 19 - 3).
25
Calculate 16 + -37 - (-18 - (-1 - 3)).
-7
Calculate -3 + 3 + (11 - (15 - -5)).
-9
Evaluate 0 - (-1 - (1 + -2 + -7)) - -4.
-3
Evaluate -1 - (33 - (10 + 8)).
-16
Evaluate 2 + 2 - (56 + -51 + (-1 - 1)).
1
Calculate 348 - 332 - (34 + -2).
-16
What is the value of (1 + -7 - (5 - 8)) + 4 + 6?
7
What is the value of 11 + (18 - 12) + -7 - 18?
-8
What is the value of (-1 - (-1 - 0)) + -2 + 8 + -21?
-15
Calculate -16 - (-3 + (-18 + 10 - -15)).
-20
Calculate -6 - ((3 - 7 - -10) + -32 + 28).
-8
Evaluate 197 + -185 + -3 + -20.
-11
Evaluate -37 + (-40 - (-70 + -37)).
30
Calculate 8 + (-29 - (5 + -12)).
-14
-34 + (38 - 1 - 26)
-23
-16 + -2 + (20 - (-1 + 18)) + 9
-6
What is the value of -6 + 14 + (-4 - (15 + -4)) + 2?
-5
20 - (13 + -8 - (-8 + 15))
22
Calculate -24 - (12 - 57) - (-1 + 2 + 3).
17
3 + (-5 - (2 + (-9 - -4 - -7)))
-6
(1 - -10) + (5 - (9 + 6)) + 8
9
(256 - 252) + (-1 - (-9 - 0))
12
What is the value of (2 - -4) + 15 + -7 + -1 + -11?
2
What is the value of -8 - (2 - -7) - (42 + -30)?
-29
What is 5 - 6 - (37 + -28 - 19)?
9
Calculate (-14 - -29) + 2 - (0 - (-8 - -4)).
13
Evaluate (4 - (-12 + 19)) + 13 - (-1 - -42).
-31
Calculate 20 - (7 + (24 - 16)).
5
What is -2 + (-8 - (14 + -30)) - 13?
-7
2 + (-2 - -2) - (-3 - (-21 - -12))
-4
What is -11 + -7 + 14 + 4?
0
Evaluate -15 + 14 + 29 + -47.
-19
What is 180 - 189 - (-16 - -1)?
6
Calculate -7 + 1 + 2 - (195 - 211).
12
-11 + (30 - (3 - -7)) - -10
19
What is the value of (3 - 27) + 92 + -66?
2
Calculate -14 + 7 + 1 - -1 - (-1 - 2).
-2
0 + (3 - (8 + 2 + -18)) + 1
12
What is 26 - (2 - -17) - (-4 + -2)?
13
Calculate 59 + -61 - (4 + (5 - 13)).
2
What is the value of -22 - (-24 + 25 + -9)?
-14
What is the value of (-15 - (1 - -3 - 11)) + 1?
-7
Calculate -4 - 5 - (-5 - (9 - -10)).
15
What is -3 + (-2 - -9 - (-2 - -4))?
2
-11 + (8 + -25 - (-3 + 0) - -8)
-17
What is (-15 - -13 - 9 - -13) + (-1 - 6)?
-5
What is the value of -1 - (7 + -1) - (7 - 1) - -5?
-8
What is 12 + 2 + (-37 - -31) + -2?
6
What is the value of 7 + (-3 + 7 + -26 - -8) + -6?
-13
What is the value of (-2 + -3 - -1) + 13 - -14?
23
Evaluate (7 - -2) + -2 + -6 + 18 + -18.
1
What is the value of 4 + (16 - (19 - (-6 - -11)))?
6
Evaluate -23 + 25 + (4 - 13 - -3).
-4
(19 - (50 + -3)) + 12
-16
Evaluate 0 + (1 + -9 - (5 - 4)).
-9
Calculate -13 + (-6 - 2) + 20.
-1
-3 + 24 + -28 - (-1 + -1)
-5
What is the value of (-3 + -1 - 6) + 15?
5
What is the value of (0 - 16 - -2) + 5 + 9 + -20?
-20
-18 + -2 + 33 - 6
7
Calculate (-1 - -5) + -1 - (-1 + -7).
11
(-2 - 19 - -14) + 18
11
What is 10 - (8 + -13) - 18?
-3
Calculate 13 - (-11 + -5 + 8 + 2).
19
What is -13 - -1 - (-1 + -11 + 11 - -9)?
-20
Calculate -12 - 1 - -12 - 1 - (6 - -1).
-9
Calculate 20 + (-4 - (-10 - -8) - 2).
16
Evaluate (5 - (-6 + (-6 - -19) - -6)) + -5.
-13
Evaluate -9 + 9 + -5 + 7 + (-37 - -7).
-28
What is the value of (-12 - -2) + (-4 - 6 - 4) + -10?
-34
What is 13 - 4 - (-10 + -5 + 27)?
-3
Calculate -6 + -3 - (-10 + (2 - -2)).
-3
Calculate 15 - (1 - (-8 + -2)).
4
What is 13 - (2 + (-13 - -1) + 6) - 0?
17
What is 0 + -2 + 15 + -17 + (-5 - -1)?
-8
Calculate -8 + 10 + (-8 - -3).
-3
Evaluate (-1 - (-10 + 7)) + -2.
0
Calculate 38 + (-190 - -197 - (-1 + 17)).
29
What is 14 - (19 - -4) - -3?
-6
(20 - (-8 + -1 + 0)) + 1 + 0
30
What is -60 + 67 + 1 + 0 + 5?
13
Calculate -19 + -1 - (-25 + 13 + (-2 - -7)).
-13
Calculate -18 + (-23 - -24) + 5.
-12
What is the value of (-4 - 7) + 10 - (-15 - -3)?
11
Evaluate 9 + -15 + 8 + (3 - 11 - -7).
1
2 - (8 + 0) - (67 + -79) - -1
7
15 + -2 - 12 - (-1 + 0)
2
What is (-5 - -1) + 0 - (-8 - (-1 + -2))?
1
-14 + 9 + (-10 + 13 + -2 - 8)
-12
What is -3 + -3 + 11 - (45 + -26)?
-14
Calculate -18 + (-10 - -23) - -5.
0
What is 37 - (-92 + 94 - (-1 + 1))?
35
(4 - (1 + 7)) + -1 + -5 - -2
-8
Calculate -68 + 74 - (16 + 4).
-14
What is (34 - -2) + (-42 - -32) + 2 - 8?
20
What is the value of 1 + -1 - (-12 + (11 - (21 - 18)))?
4
What is the value of -5 - (5 + (3 - -5 - 23))?
5
Evaluate 3 - ((6 - 10) + 10 - 4 - 2).
3
Calculate 13 - (-2 - ((6 - -5 - 5) + -1)).
20
Calculate 2 + 8 + -6 + 1 + 24.
29
What is the value of 12 + -8 + -4 - ((-9 - 2) + -2)?
13
What is 8 - (44 - (-18 - -73))?
19
What is -5 - (2 + -2) - (36 - 14 - 29)?
2
What is -13 + 3 - (-7 + 4) - (-109 + 77)?
25
(11 + -18 - -2 - (2 + -2)) + 32
27
What is the value of 14 - (31 - 14) - (6 + 1)?
-10
What is the value of -3 + 2 - ((24 - 18 - -1) + -37)?
29
Evaluate (-6 - -66) + -20 + -10.
30
What is -8 + -5 + -4 + 16 + 12?
11
What is the value of -1 - (13 - ((9 - -3) + -10))?
-12
What is the value of 4 + 2 + 78 + (-68 - -1)?
17
What is the value of (45 - 32) + (2 - 22)?
-7
Evaluate 6 + 2 + -10 + -18 + 19.
-1
What is 14 + -13 - (12 - -6)?
-17
Calculate 12 + 21 + (-5 + -16 - -11) + -12.
11
(7 + -18 - -4) + (-8 - 2)
-17
Evaluate 35 + -54 - (-7 + 1 + 1).
-14
(13 - 33) + (11 - 8)
-17
Calculate -3 - (4 - -8) - -10.
-5
What is the value of (-62 - -72) + (-37 + 6 - 0)?
-21
What is the value of (254 + -251 - (1 - -3)) + -12?
-13
-17 - (4 - (-14 - -58)) - 4
19
Calculate -7 + 20 + (-13 - -3).
3
What is -42 - -10 - -16 - 21?
-37
What is 19 - (-29 + 39 + -10)?
19
Calculate -5 - (-7 + -6 - -10).
-2
Calculate 2 - -5 - (0 - 4 - (13 - 15)).
9
Evaluate -1 - -4 - (20 + -31 + 3).
11
Calculate 7 - 3 - (-10 - (-20 + 23 + -16)).
1
-7 + (13 - -11) - (1 - (2 + -12))
6
Evaluate -3 + 25 + -2 + -14.
6
Calculate (-1 - (0 - 7)) + 3 - -3.
12
5 + (15 - (13 - 7))
14
Calculate -11 - (-10 + -36) - 65.
-30
What is the value of -8 + 14 + -18 + 1 - -7?
-4
What is the value of -3 + (1 + 0 - 7) -